 a composite number?
False
Is 3966407 prime?
True
Is 1119121 a composite number?
False
Is 12368173 composite?
False
Is 12998957 composite?
False
Is 8065331 a composite number?
True
Is 6090349 a composite number?
False
Is 242362853 composite?
False
Is 89209006 a composite number?
True
Is 9544499 composite?
False
Is 5721115 a prime number?
False
Is 5086177 a prime number?
True
Is 1306399 a composite number?
True
Is 348391493 a composite number?
False
Is 14942129 prime?
True
Is 11556151 a prime number?
True
Is 101760773 composite?
False
Is 22787323 a prime number?
False
Is 160177 a composite number?
True
Is 17441967 a prime number?
False
Is 39495329 composite?
False
Is 8308879 prime?
True
Is 66214277 prime?
True
Is 2126627 a prime number?
True
Is 20713345 composite?
True
Is 97472311 prime?
False
Is 46240373 prime?
False
Is 8531923 prime?
True
Is 9407 a prime number?
False
Is 1444403 a composite number?
True
Is 5504581 composite?
False
Is 81032927 a prime number?
False
Is 26416347 a composite number?
True
Is 13086467 composite?
False
Is 36426441 a prime number?
False
Is 27495059 prime?
True
Is 8780281 a prime number?
True
Is 7775657 composite?
False
Is 4604309 a composite number?
False
Is 1158713 a prime number?
True
Is 111315245 a prime number?
False
Is 9721862 a composite number?
True
Is 30253631 a composite number?
False
Is 394726781 prime?
False
Is 19075879 prime?
True
Is 4559983 composite?
False
Is 14826397 a composite number?
True
Is 68467921 a composite number?
False
Is 42503455 prime?
False
Is 157626437 prime?
True
Is 12576854 a composite number?
True
Is 367307 a composite number?
False
Is 1961243 a composite number?
True
Is 436680121 composite?
True
Is 24186298 composite?
True
Is 75605317 composite?
False
Is 4720381 composite?
False
Is 2712849 composite?
True
Is 4063769 prime?
False
Is 40379951 a prime number?
True
Is 164875343 a composite number?
False
Is 126487213 a composite number?
True
Is 8273339 prime?
False
Is 25765459 prime?
True
Is 81652049 prime?
True
Is 347307 composite?
True
Is 2758351 prime?
False
Is 415863817 a prime number?
True
Is 2501017 a composite number?
True
Is 184925105 prime?
False
Is 183993347 composite?
False
Is 8277119 prime?
True
Is 760207673 composite?
True
Is 485893 prime?
True
Is 47300791 a composite number?
False
Is 7930457 a composite number?
False
Is 47754715 a prime number?
False
Is 30853859 a prime number?
False
Is 204321319 composite?
False
Is 6115042 composite?
True
Is 76797827 a composite number?
False
Is 31888169 a prime number?
True
Is 5273003 prime?
False
Is 818999053 composite?
False
Is 112531421 a composite number?
False
Is 3426811 a composite number?
False
Is 96772161 a composite number?
True
Is 163942739 composite?
False
Is 452377 a prime number?
True
Is 469017347 a composite number?
False
Is 94022977 composite?
False
Is 43573067 a prime number?
False
Is 9984377 composite?
True
Is 23235789 a prime number?
False
Is 1280233 prime?
False
Is 998311 composite?
False
Is 43066019 a prime number?
False
Is 115280159 a prime number?
False
Is 11359807 a composite number?
False
Is 5856203 a prime number?
False
Is 2721711 composite?
True
Is 120736333 a composite number?
True
Is 98834431 a prime number?
False
Is 24221117 a composite number?
False
Is 2846929 a prime number?
True
Is 44912767 prime?
False
Is 2087869969 composite?
True
Is 6404069 a composite number?
True
Is 25024645 composite?
True
Is 42194327 a prime number?
False
Is 280433761 prime?
True
Is 3616813 composite?
False
Is 3303499 composite?
False
Is 5361391 a composite number?
True
Is 851881 prime?
True
Is 7999963 prime?
True
Is 4840103 composite?
False
Is 15285853 a prime number?
False
Is 47213281 prime?
True
Is 40930583 a prime number?
True
Is 12407867 composite?
True
Is 188569 composite?
True
Is 22109539 a composite number?
False
Is 18663193 composite?
True
Is 9103043 a prime number?
False
Is 374792381 composite?
False
Is 332278273 a composite number?
False
Is 5995039 composite?
True
Is 1664681 a prime number?
True
Is 2693479 a prime number?
True
Is 9642055 a composite number?
True
Is 466258123 composite?
True
Is 8738333 a prime number?
True
Is 22344383 prime?
False
Is 314747 prime?
True
Is 56698507 composite?
True
Is 4769591 a composite number?
True
Is 2312953 a composite number?
True
Is 89572993 composite?
False
Is 2382151 a prime number?
True
Is 121845533 prime?
False
Is 74389723 a composite number?
False
Is 113192693 prime?
False
Is 182010867 prime?
False
Is 15336523 a composite number?
True
Is 2567737 composite?
True
Is 40904945 prime?
False
Is 1197739 prime?
True
Is 903173 a prime number?
False
Is 83317657 a prime number?
True
Is 5861197 a composite number?
True
Is 154622053 composite?
False
Is 17649454 composite?
True
Is 1449241 composite?
False
Is 14762801 a composite number?
False
Is 93453011 composite?
False
Is 55303667 a composite number?
True
Is 194345621 a composite number?
False
Is 729101213 composite?
False
Is 2640667 a prime number?
False
Is 346193413 prime?
True
Is 6649999 a composite number?
False
Is 529535 prime?
False
Is 56469593 composite?
True
Is 44006917 a composite number?
False
Is 5141821 a composite number?
True
Is 655999 a prime number?
False
Is 104389223 prime?
False
Is 21872531 a prime number?
False
Is 324161 a composite number?
False
Is 9214966 prime?
False
Is 91834601 a composite number?
False
Is 61307227 a prime number?
True
Is 28937347 a composite number?
False
Is 458119 a composite number?
False
Is 47476883 a prime number?
False
Is 247633 prime?
True
Is 12382963 composite?
True
Is 4891899 a composite number?
True
Is 5831867 composite?
True
Is 481549 a composite number?
False
Is 457799 composite?
False
Is 193011073 composite?
False
Is 28897511 a prime number?
True
Is 13423947 prime?
False
Is 166278529 composite?
True
Is 2639647 composite?
True
Is 34082669 a prime number?
True
Is 214093057 a prime number?
False
Is 87671173 prime?
True
Is 148987141 a prime number?
True
Is 178200491 prime?
False
Is 7081741 prime?
False
Is 5422691 prime?
False
Is 44280611 a composite number?
False
Is 3193561 prime?
False
Is 9683513 a composite number?
True
Is 16030738 a prime number?
False
Is 2241649 a composite number?
True
Is 3954509 a composite number?
True
Is 220143233 prime?
True
Is 111309997 a prime number?
True
Is 1796833 composite?
False
Is 933151 prime?
True
Is 5079697 a prime number?
False
Is 1149737 a composite number?
False
Is 121012831 composite?
True
Is 1558199 prime?
False
Is 15868054 a composite number?
True
Is 3249391 a prime number?
True
Is 315517529 a prime number?
True
Is 2796907 a composite number?
True
Is 16266761 a composite number?
True
Is 239273 composite?
False
Is 33734735 a prime number?
False
Is 112038289 prime?
False
Is 135191513 prime?
True
Is 63476611 prime?
False
Is 88034077 composite?
True
Is 9715081 a composite number?
True
Is 130538809 prime?
True
Is 983393 prime?
False
Is 315359 prime?
False
Is 5568149 a composite number?
False
Is 48106481 a composite number?
True
Is 404771 composite?
True
Is 543871 a prime number?
True
Is 411448991 composite?
True
Is 19657195 a prime number?
False
Is 417113 prime?
True
Is 694769 composite?
True
Is 3455141 prime?
True
Is 4006291 composite?
True
Is 57270589 a composite number?
False
Is 7445989 composite?
False
Is 2510782 composite?
True
Is 6008477 composite?
False
Is 523477 a composite number?
True
Is 3242311 composite?
False
Is 417371 a composite number?
False
Is 13629117 composite?
True
Is 36433 prime?
True
Is 23391707 composite?
False
Is 15322667 a prime number?
True
Is 32686919 composite?
False
Is 73782383 composite?
False
Is 194743 a composite number?
True
Is 1474003 a prime number?
True
Is 79582079 prime?
False
Is 270599851 prime?
True
Is 3096701 prime?
True
Is 357851 a composite number?
True
Is 50702969 composite?
False
Is 25059257 a prime number?
True
Is 202755737 a composite number?
False
Is 6261655 a composite number?
True
Is 5919647 composite?
True
Is 33383071 a prime number?
True
Is 2112659 prime?
False
Is 124498087 prime?
False
Is 1412218 a composite number?
True
Is 98606161 composite?
True
Is 40262543 composite?
False
Is 2098283 composite?
True
Is 152092201 a composite number?
False
Is 4925923 a prime number?
True
Is 3208405 composite?
True
Is 46